{"id":113,"date":"2018-07-01T20:33:48","date_gmt":"2018-07-01T18:33:48","guid":{"rendered":"http:\/\/orient-troyes.fr\/?page_id=113"},"modified":"2019-09-18T11:16:29","modified_gmt":"2019-09-18T09:16:29","slug":"loge-sine-cera","status":"publish","type":"page","link":"https:\/\/francsmacons-troyes.fr\/index.php\/loge-sine-cera\/","title":{"rendered":"Loge Sine Cera"},"content":{"rendered":"<p style=\"text-align: center;\"><strong>Historique de la Loge SINE CERA<\/strong><\/p>\n<p>La loge Sine Cera a \u00e9t\u00e9 cr\u00e9\u00e9e le 25 f\u00e9vrier 1978. Elle est le fruit d\u2019un essaimage de la loge L\u2019Aurore sociale du Grand Orient de France (GODF) dont tous les Fr\u00e8res fondateurs sont issus. Elle a souhait\u00e9, d\u00e8s son origine, \u00ab tailler elle-m\u00eame sa pierre et la raboter \u00bb en \u00e9pousant une ligne de conduite marqu\u00e9e, \u00e0 la fois par le <strong>travail philosophique et l\u2019action politique , associative et syndicale<\/strong>.<\/p>\n<p>Sine Cera signifie en latin \u00ab sans cire \u00bb et a donn\u00e9 le mot \u00ab sinc\u00e8re \u00bb. <strong>Etre sinc\u00e8re, voil\u00e0 \u00e0 quoi s\u2019att\u00e8lent les membres de Sine Cera.<\/strong> Sinc\u00e8re dans l\u2019image qu\u2019ils offrent d\u2019eux-m\u00eames, sinc\u00e8res dans leurs analyses, sinc\u00e8res dans leur esprit critique et dans leurs jugements.<\/p>\n<p>Ils recherchent \u00e0 rester <strong>sinc\u00e8res avec eux-m\u00eames<\/strong> <strong>et avec autrui<\/strong> en poursuivant leur qu\u00eate, la poursuite de \u00ab l\u2019inaccessible \u00e9toile \u00bb comme le chantait si bien Jacques Brel. Ils ne s\u2019assignent <strong>aucune limite dans la recherche de la v\u00e9rit\u00e9<\/strong>, si ce n\u2019est le respect mutuel et la tol\u00e9rance envers les autres S\u0153urs et Fr\u00e8res de l\u2019atelier.<\/p>\n<p><strong>Leurs travaux prennent la forme d\u2019expos\u00e9s appel\u00e9s \u00ab planches \u00bb. Ils portent sur des sujets de soci\u00e9t\u00e9, des th\u00e8mes philosophiques ou symboliques.<\/strong><\/p>\n<p>Pour tailler leur pierre et \u00ab accoucher d\u2019eux-m\u00eames \u00bb pourrait-on affirmer, les membres de Sine Cera ont choisi un<strong> rituel marqu\u00e9 par plus d\u2019authenticit\u00e9, datant du d\u00e9but du XVIIIe si\u00e8cle<\/strong> et qui se rapproche le plus de l\u2019origine de la franc-ma\u00e7onnerie sp\u00e9culative, \u00e0 savoir le rituel moderne fran\u00e7ais r\u00e9tabli.<\/p>\n<p>La loge travaille dans la <strong>mixit\u00e9<\/strong>. Elle r\u00e9unit des Soeurs et des Fr\u00e8res d\u00e9sireux de \u00ab travailler \u00e0 l\u2019am\u00e9lioration mat\u00e9rielle et morale, au perfectionnement intellectuel et social de l\u2019Humanit\u00e9 \u00bb .<\/p>\n<p>Sine Cera a pour devise <strong>Libert\u00e9 Egalit\u00e9 Fraternit\u00e9<\/strong>. Elle attache une importance fondamentale \u00e0 la <strong>la\u00efcit\u00e9<\/strong> et elle pr\u00f4ne la <strong>libert\u00e9 absolue de conscience<\/strong>, \u00e0 la diff\u00e9rence de tous les dogmatismes.<\/p>\n<p>Elle se r\u00e9unit le premier jeudi du mois et le troisi\u00e8me mercredi de chaque mois de septembre \u00e0 juin.<\/p>\n<p>Voici un exemple de travail \u00e0 votre disposition : <a href=\"http:\/\/francsmacons-troyes.fr\/wp-content\/uploads\/2019\/09\/La-Fraternit\u00e9-version-site-17-04-19.pdf\">La Fraternit\u00e9<\/a><\/p>\n","protected":false},"excerpt":{"rendered":"<p>Historique de la Loge SINE CERA La loge Sine Cera a \u00e9t\u00e9 cr\u00e9\u00e9e le 25 f\u00e9vrier 1978. Elle est le fruit d\u2019un essaimage de la loge L\u2019Aurore sociale du Grand Orient de France (GODF) dont tous les Fr\u00e8res fondateurs sont issus. Elle a souhait\u00e9, d\u00e8s son origine, \u00ab tailler elle-m\u00eame sa pierre et la raboter &#8230; <a title=\"Loge Sine Cera\" class=\"read-more\" href=\"https:\/\/francsmacons-troyes.fr\/index.php\/loge-sine-cera\/\" aria-label=\"En savoir plus sur Loge Sine Cera\">Lire la suite<\/a><\/p>\n","protected":false},"author":2,"featured_media":0,"parent":0,"menu_order":0,"comment_status":"closed","ping_status":"closed","template":"","meta":[],"yoast_head":"<!-- This site is optimized with the Yoast SEO plugin v19.14 - https:\/\/yoast.com\/wordpress\/plugins\/seo\/ -->\n<title>Loge Sine Cera - Grand Orient de France \u00e0 Troyes<\/title>\n<meta name=\"robots\" content=\"index, follow, max-snippet:-1, max-image-preview:large, max-video-preview:-1\" \/>\n<link rel=\"canonical\" href=\"https:\/\/francsmacons-troyes.fr\/index.php\/loge-sine-cera\/\" \/>\n<meta property=\"og:locale\" content=\"fr_FR\" \/>\n<meta property=\"og:type\" content=\"article\" \/>\n<meta property=\"og:title\" content=\"Loge Sine Cera - Grand Orient de France \u00e0 Troyes\" \/>\n<meta property=\"og:description\" content=\"Historique de la Loge SINE CERA La loge Sine Cera a \u00e9t\u00e9 cr\u00e9\u00e9e le 25 f\u00e9vrier 1978. Elle est le fruit d\u2019un essaimage de la loge L\u2019Aurore sociale du Grand Orient de France (GODF) dont tous les Fr\u00e8res fondateurs sont issus. Elle a souhait\u00e9, d\u00e8s son origine, \u00ab tailler elle-m\u00eame sa pierre et la raboter ... Lire la suite\" \/>\n<meta property=\"og:url\" content=\"https:\/\/francsmacons-troyes.fr\/index.php\/loge-sine-cera\/\" \/>\n<meta property=\"og:site_name\" content=\"Grand Orient de France \u00e0 Troyes\" \/>\n<meta property=\"article:modified_time\" content=\"2019-09-18T09:16:29+00:00\" \/>\n<meta name=\"twitter:card\" content=\"summary_large_image\" \/>\n<meta name=\"twitter:label1\" content=\"Dur\u00e9e de lecture estim\u00e9e\" \/>\n\t<meta name=\"twitter:data1\" content=\"2 minutes\" \/>\n<script type=\"application\/ld+json\" class=\"yoast-schema-graph\">{\"@context\":\"https:\/\/schema.org\",\"@graph\":[{\"@type\":\"WebPage\",\"@id\":\"https:\/\/francsmacons-troyes.fr\/index.php\/loge-sine-cera\/\",\"url\":\"https:\/\/francsmacons-troyes.fr\/index.php\/loge-sine-cera\/\",\"name\":\"Loge Sine Cera - Grand Orient de France \u00e0 Troyes\",\"isPartOf\":{\"@id\":\"https:\/\/francsmacons-troyes.fr\/#website\"},\"datePublished\":\"2018-07-01T18:33:48+00:00\",\"dateModified\":\"2019-09-18T09:16:29+00:00\",\"breadcrumb\":{\"@id\":\"https:\/\/francsmacons-troyes.fr\/index.php\/loge-sine-cera\/#breadcrumb\"},\"inLanguage\":\"fr-FR\",\"potentialAction\":[{\"@type\":\"ReadAction\",\"target\":[\"https:\/\/francsmacons-troyes.fr\/index.php\/loge-sine-cera\/\"]}]},{\"@type\":\"BreadcrumbList\",\"@id\":\"https:\/\/francsmacons-troyes.fr\/index.php\/loge-sine-cera\/#breadcrumb\",\"itemListElement\":[{\"@type\":\"ListItem\",\"position\":1,\"name\":\"Accueil\",\"item\":\"https:\/\/francsmacons-troyes.fr\/\"},{\"@type\":\"ListItem\",\"position\":2,\"name\":\"Loge Sine Cera\"}]},{\"@type\":\"WebSite\",\"@id\":\"https:\/\/francsmacons-troyes.fr\/#website\",\"url\":\"https:\/\/francsmacons-troyes.fr\/\",\"name\":\"Grand Orient de France \u00e0 Troyes\",\"description\":\"Les Loges Sine Cera, Imagine et l&#039;Aurore Sociale  vous accueillent\",\"publisher\":{\"@id\":\"https:\/\/francsmacons-troyes.fr\/#organization\"},\"potentialAction\":[{\"@type\":\"SearchAction\",\"target\":{\"@type\":\"EntryPoint\",\"urlTemplate\":\"https:\/\/francsmacons-troyes.fr\/?s={search_term_string}\"},\"query-input\":\"required name=search_term_string\"}],\"inLanguage\":\"fr-FR\"},{\"@type\":\"Organization\",\"@id\":\"https:\/\/francsmacons-troyes.fr\/#organization\",\"name\":\"Francs Ma\u00e7on de Troyes\",\"url\":\"https:\/\/francsmacons-troyes.fr\/\",\"logo\":{\"@type\":\"ImageObject\",\"inLanguage\":\"fr-FR\",\"@id\":\"https:\/\/francsmacons-troyes.fr\/#\/schema\/logo\/image\/\",\"url\":\"http:\/\/francsmacons-troyes.fr\/wp-content\/uploads\/2018\/07\/09-A-02.jpg\",\"contentUrl\":\"http:\/\/francsmacons-troyes.fr\/wp-content\/uploads\/2018\/07\/09-A-02.jpg\",\"width\":980,\"height\":977,\"caption\":\"Francs Ma\u00e7on de Troyes\"},\"image\":{\"@id\":\"https:\/\/francsmacons-troyes.fr\/#\/schema\/logo\/image\/\"}}]}<\/script>\n<!-- \/ Yoast SEO plugin. -->","yoast_head_json":{"title":"Loge Sine Cera - Grand Orient de France \u00e0 Troyes","robots":{"index":"index","follow":"follow","max-snippet":"max-snippet:-1","max-image-preview":"max-image-preview:large","max-video-preview":"max-video-preview:-1"},"canonical":"https:\/\/francsmacons-troyes.fr\/index.php\/loge-sine-cera\/","og_locale":"fr_FR","og_type":"article","og_title":"Loge Sine Cera - Grand Orient de France \u00e0 Troyes","og_description":"Historique de la Loge SINE CERA La loge Sine Cera a \u00e9t\u00e9 cr\u00e9\u00e9e le 25 f\u00e9vrier 1978. Elle est le fruit d\u2019un essaimage de la loge L\u2019Aurore sociale du Grand Orient de France (GODF) dont tous les Fr\u00e8res fondateurs sont issus. Elle a souhait\u00e9, d\u00e8s son origine, \u00ab tailler elle-m\u00eame sa pierre et la raboter ... Lire la suite","og_url":"https:\/\/francsmacons-troyes.fr\/index.php\/loge-sine-cera\/","og_site_name":"Grand Orient de France \u00e0 Troyes","article_modified_time":"2019-09-18T09:16:29+00:00","twitter_card":"summary_large_image","twitter_misc":{"Dur\u00e9e de lecture estim\u00e9e":"2 minutes"},"schema":{"@context":"https:\/\/schema.org","@graph":[{"@type":"WebPage","@id":"https:\/\/francsmacons-troyes.fr\/index.php\/loge-sine-cera\/","url":"https:\/\/francsmacons-troyes.fr\/index.php\/loge-sine-cera\/","name":"Loge Sine Cera - Grand Orient de France \u00e0 Troyes","isPartOf":{"@id":"https:\/\/francsmacons-troyes.fr\/#website"},"datePublished":"2018-07-01T18:33:48+00:00","dateModified":"2019-09-18T09:16:29+00:00","breadcrumb":{"@id":"https:\/\/francsmacons-troyes.fr\/index.php\/loge-sine-cera\/#breadcrumb"},"inLanguage":"fr-FR","potentialAction":[{"@type":"ReadAction","target":["https:\/\/francsmacons-troyes.fr\/index.php\/loge-sine-cera\/"]}]},{"@type":"BreadcrumbList","@id":"https:\/\/francsmacons-troyes.fr\/index.php\/loge-sine-cera\/#breadcrumb","itemListElement":[{"@type":"ListItem","position":1,"name":"Accueil","item":"https:\/\/francsmacons-troyes.fr\/"},{"@type":"ListItem","position":2,"name":"Loge Sine Cera"}]},{"@type":"WebSite","@id":"https:\/\/francsmacons-troyes.fr\/#website","url":"https:\/\/francsmacons-troyes.fr\/","name":"Grand Orient de France \u00e0 Troyes","description":"Les Loges Sine Cera, Imagine et l&#039;Aurore Sociale  vous accueillent","publisher":{"@id":"https:\/\/francsmacons-troyes.fr\/#organization"},"potentialAction":[{"@type":"SearchAction","target":{"@type":"EntryPoint","urlTemplate":"https:\/\/francsmacons-troyes.fr\/?s={search_term_string}"},"query-input":"required name=search_term_string"}],"inLanguage":"fr-FR"},{"@type":"Organization","@id":"https:\/\/francsmacons-troyes.fr\/#organization","name":"Francs Ma\u00e7on de Troyes","url":"https:\/\/francsmacons-troyes.fr\/","logo":{"@type":"ImageObject","inLanguage":"fr-FR","@id":"https:\/\/francsmacons-troyes.fr\/#\/schema\/logo\/image\/","url":"http:\/\/francsmacons-troyes.fr\/wp-content\/uploads\/2018\/07\/09-A-02.jpg","contentUrl":"http:\/\/francsmacons-troyes.fr\/wp-content\/uploads\/2018\/07\/09-A-02.jpg","width":980,"height":977,"caption":"Francs Ma\u00e7on de Troyes"},"image":{"@id":"https:\/\/francsmacons-troyes.fr\/#\/schema\/logo\/image\/"}}]}},"_links":{"self":[{"href":"https:\/\/francsmacons-troyes.fr\/index.php\/wp-json\/wp\/v2\/pages\/113"}],"collection":[{"href":"https:\/\/francsmacons-troyes.fr\/index.php\/wp-json\/wp\/v2\/pages"}],"about":[{"href":"https:\/\/francsmacons-troyes.fr\/index.php\/wp-json\/wp\/v2\/types\/page"}],"author":[{"embeddable":true,"href":"https:\/\/francsmacons-troyes.fr\/index.php\/wp-json\/wp\/v2\/users\/2"}],"replies":[{"embeddable":true,"href":"https:\/\/francsmacons-troyes.fr\/index.php\/wp-json\/wp\/v2\/comments?post=113"}],"version-history":[{"count":4,"href":"https:\/\/francsmacons-troyes.fr\/index.php\/wp-json\/wp\/v2\/pages\/113\/revisions"}],"predecessor-version":[{"id":242,"href":"https:\/\/francsmacons-troyes.fr\/index.php\/wp-json\/wp\/v2\/pages\/113\/revisions\/242"}],"wp:attachment":[{"href":"https:\/\/francsmacons-troyes.fr\/index.php\/wp-json\/wp\/v2\/media?parent=113"}],"curies":[{"name":"wp","href":"https:\/\/api.w.org\/{rel}","templated":true}]}}