{"id":119,"date":"2018-07-01T20:34:32","date_gmt":"2018-07-01T18:34:32","guid":{"rendered":"http:\/\/orient-troyes.fr\/?page_id=119"},"modified":"2023-01-23T19:33:56","modified_gmt":"2023-01-23T18:33:56","slug":"foire-aux-questions","status":"publish","type":"page","link":"https:\/\/francsmacons-troyes.fr\/index.php\/foire-aux-questions\/","title":{"rendered":"FAQ"},"content":{"rendered":"\n<p><\/p>\n\n\n<h1 style=\"text-align: center;\"><strong>Mettre fin aux id\u00e9es re\u00e7ues<\/strong><\/h1>\n<h3 style=\"text-align: left;\">1.Qu\u2019est-ce que la franc ma\u00e7onnerie ?<\/h3>\n<p>Simplement, il s\u2019agit d\u2019une association philanthropique et philosophique dont les membres partagent des valeurs humanistes. Elle se place dans la continuit\u00e9 de l\u2019esprit des lumi\u00e8res.<\/p>\n<h3>2.La franc ma\u00e7onnerie est-elle secr\u00e8te ?<\/h3>\n<p>Il fut un temps o\u00f9 la libert\u00e9 de parole dans les loges \u00e9tait consid\u00e9r\u00e9e comme dangereuse par le pouvoir en place. Cela \u00e9tait le cas sous la royaut\u00e9 et le r\u00e9gime de Vichy notamment.<br \/>C\u2019est pour prot\u00e9ger cette libert\u00e9 et ses membres que le secret \u00e9tait indispensable.<br \/>A l\u2019heure actuelle la FM n\u2019est plus secr\u00e8te en France, elle reste discr\u00e8te mais conduit des actions publiques et est ouverte \u00e0 toute personne int\u00e9ress\u00e9e par la d\u00e9marche ma\u00e7onnique. Un grand nombre de ses travaux sont disponibles sur internet.<\/p>\n<h3>3.Qu\u2019est-ce qu\u2019une loge ?<\/h3>\n<p>C\u2019est un groupe de ma\u00e7ons qui se r\u00e9unit plusieurs fois par mois pour travailler ensemble. Une loge comprend en g\u00e9n\u00e9ral entre 20 et 50 fr\u00e8res ou fr\u00e8res et soeurs. Elle op\u00e8re selon le rite qu\u2019elle a choisi. Enfin, une Loge est affili\u00e9e \u00e0 une ob\u00e9dience comme le Grand Orient de France qui regroupe 1400 loges environ.<\/p>\n<h3>4.Pourquoi y a-t-il un rite ? C\u2019est myst\u00e9rieux !<\/h3>\n<p>Le rituel ma\u00e7onnique est h\u00e9rit\u00e9 des p\u00e8res fondateurs de la ma\u00e7onnerie. Il a pour but premier de d\u00e9finir l\u2019organisation des tenues et \u00e9galement de rappeler les valeurs de la ma\u00e7onnerie \u00e0 travers les symboles, gestes et mots utilis\u00e9s. Cette fa\u00e7on de proc\u00e9der se retrouve dans certaines institutions comme lors des proc\u00e8s judiciaires, \u00e0 l\u2019assembl\u00e9e nationale, ou certaines c\u00e9r\u00e9monies (militaires ou eccl\u00e9siastique).<br \/>Il n\u2019y a rien de myst\u00e9rieux mais il est plus int\u00e9ressant pour un futur ma\u00e7on de d\u00e9couvrir le rituel, ses symboles et leur signification au cours de son cheminement.<\/p>\n<p>\u00a0<\/p>","protected":false},"excerpt":{"rendered":"<p>Mettre fin aux id\u00e9es re\u00e7ues 1.Qu\u2019est-ce que la franc ma\u00e7onnerie ? Simplement, il s\u2019agit d\u2019une association philanthropique et philosophique dont les membres partagent des valeurs humanistes. Elle se place dans la continuit\u00e9 de l\u2019esprit des lumi\u00e8res. 2.La franc ma\u00e7onnerie est-elle secr\u00e8te ? Il fut un temps o\u00f9 la libert\u00e9 de parole dans les loges \u00e9tait &#8230; <a title=\"FAQ\" class=\"read-more\" href=\"https:\/\/francsmacons-troyes.fr\/index.php\/foire-aux-questions\/\" aria-label=\"En savoir plus sur FAQ\">Lire la suite<\/a><\/p>\n","protected":false},"author":2,"featured_media":0,"parent":0,"menu_order":0,"comment_status":"closed","ping_status":"closed","template":"","meta":[],"yoast_head":"<!-- This site is optimized with the Yoast SEO plugin v19.14 - https:\/\/yoast.com\/wordpress\/plugins\/seo\/ -->\n<title>FAQ - Grand Orient de France \u00e0 Troyes<\/title>\n<meta name=\"robots\" content=\"index, follow, max-snippet:-1, max-image-preview:large, max-video-preview:-1\" \/>\n<link rel=\"canonical\" href=\"https:\/\/francsmacons-troyes.fr\/index.php\/foire-aux-questions\/\" \/>\n<meta property=\"og:locale\" content=\"fr_FR\" \/>\n<meta property=\"og:type\" content=\"article\" \/>\n<meta property=\"og:title\" content=\"FAQ - Grand Orient de France \u00e0 Troyes\" \/>\n<meta property=\"og:description\" content=\"Mettre fin aux id\u00e9es re\u00e7ues 1.Qu\u2019est-ce que la franc ma\u00e7onnerie ? Simplement, il s\u2019agit d\u2019une association philanthropique et philosophique dont les membres partagent des valeurs humanistes. Elle se place dans la continuit\u00e9 de l\u2019esprit des lumi\u00e8res. 2.La franc ma\u00e7onnerie est-elle secr\u00e8te ? Il fut un temps o\u00f9 la libert\u00e9 de parole dans les loges \u00e9tait ... Lire la suite\" \/>\n<meta property=\"og:url\" content=\"https:\/\/francsmacons-troyes.fr\/index.php\/foire-aux-questions\/\" \/>\n<meta property=\"og:site_name\" content=\"Grand Orient de France \u00e0 Troyes\" \/>\n<meta property=\"article:modified_time\" content=\"2023-01-23T18:33:56+00:00\" \/>\n<meta name=\"twitter:card\" content=\"summary_large_image\" \/>\n<meta name=\"twitter:label1\" content=\"Dur\u00e9e de lecture estim\u00e9e\" \/>\n\t<meta name=\"twitter:data1\" content=\"2 minutes\" \/>\n<script type=\"application\/ld+json\" class=\"yoast-schema-graph\">{\"@context\":\"https:\/\/schema.org\",\"@graph\":[{\"@type\":\"WebPage\",\"@id\":\"https:\/\/francsmacons-troyes.fr\/index.php\/foire-aux-questions\/\",\"url\":\"https:\/\/francsmacons-troyes.fr\/index.php\/foire-aux-questions\/\",\"name\":\"FAQ - Grand Orient de France \u00e0 Troyes\",\"isPartOf\":{\"@id\":\"https:\/\/francsmacons-troyes.fr\/#website\"},\"datePublished\":\"2018-07-01T18:34:32+00:00\",\"dateModified\":\"2023-01-23T18:33:56+00:00\",\"breadcrumb\":{\"@id\":\"https:\/\/francsmacons-troyes.fr\/index.php\/foire-aux-questions\/#breadcrumb\"},\"inLanguage\":\"fr-FR\",\"potentialAction\":[{\"@type\":\"ReadAction\",\"target\":[\"https:\/\/francsmacons-troyes.fr\/index.php\/foire-aux-questions\/\"]}]},{\"@type\":\"BreadcrumbList\",\"@id\":\"https:\/\/francsmacons-troyes.fr\/index.php\/foire-aux-questions\/#breadcrumb\",\"itemListElement\":[{\"@type\":\"ListItem\",\"position\":1,\"name\":\"Accueil\",\"item\":\"https:\/\/francsmacons-troyes.fr\/\"},{\"@type\":\"ListItem\",\"position\":2,\"name\":\"FAQ\"}]},{\"@type\":\"WebSite\",\"@id\":\"https:\/\/francsmacons-troyes.fr\/#website\",\"url\":\"https:\/\/francsmacons-troyes.fr\/\",\"name\":\"Grand Orient de France \u00e0 Troyes\",\"description\":\"Les Loges Sine Cera, Imagine et l&#039;Aurore Sociale  vous accueillent\",\"publisher\":{\"@id\":\"https:\/\/francsmacons-troyes.fr\/#organization\"},\"potentialAction\":[{\"@type\":\"SearchAction\",\"target\":{\"@type\":\"EntryPoint\",\"urlTemplate\":\"https:\/\/francsmacons-troyes.fr\/?s={search_term_string}\"},\"query-input\":\"required name=search_term_string\"}],\"inLanguage\":\"fr-FR\"},{\"@type\":\"Organization\",\"@id\":\"https:\/\/francsmacons-troyes.fr\/#organization\",\"name\":\"Francs Ma\u00e7on de Troyes\",\"url\":\"https:\/\/francsmacons-troyes.fr\/\",\"logo\":{\"@type\":\"ImageObject\",\"inLanguage\":\"fr-FR\",\"@id\":\"https:\/\/francsmacons-troyes.fr\/#\/schema\/logo\/image\/\",\"url\":\"http:\/\/francsmacons-troyes.fr\/wp-content\/uploads\/2018\/07\/09-A-02.jpg\",\"contentUrl\":\"http:\/\/francsmacons-troyes.fr\/wp-content\/uploads\/2018\/07\/09-A-02.jpg\",\"width\":980,\"height\":977,\"caption\":\"Francs Ma\u00e7on de Troyes\"},\"image\":{\"@id\":\"https:\/\/francsmacons-troyes.fr\/#\/schema\/logo\/image\/\"}}]}<\/script>\n<!-- \/ Yoast SEO plugin. -->","yoast_head_json":{"title":"FAQ - Grand Orient de France \u00e0 Troyes","robots":{"index":"index","follow":"follow","max-snippet":"max-snippet:-1","max-image-preview":"max-image-preview:large","max-video-preview":"max-video-preview:-1"},"canonical":"https:\/\/francsmacons-troyes.fr\/index.php\/foire-aux-questions\/","og_locale":"fr_FR","og_type":"article","og_title":"FAQ - Grand Orient de France \u00e0 Troyes","og_description":"Mettre fin aux id\u00e9es re\u00e7ues 1.Qu\u2019est-ce que la franc ma\u00e7onnerie ? Simplement, il s\u2019agit d\u2019une association philanthropique et philosophique dont les membres partagent des valeurs humanistes. Elle se place dans la continuit\u00e9 de l\u2019esprit des lumi\u00e8res. 2.La franc ma\u00e7onnerie est-elle secr\u00e8te ? Il fut un temps o\u00f9 la libert\u00e9 de parole dans les loges \u00e9tait ... Lire la suite","og_url":"https:\/\/francsmacons-troyes.fr\/index.php\/foire-aux-questions\/","og_site_name":"Grand Orient de France \u00e0 Troyes","article_modified_time":"2023-01-23T18:33:56+00:00","twitter_card":"summary_large_image","twitter_misc":{"Dur\u00e9e de lecture estim\u00e9e":"2 minutes"},"schema":{"@context":"https:\/\/schema.org","@graph":[{"@type":"WebPage","@id":"https:\/\/francsmacons-troyes.fr\/index.php\/foire-aux-questions\/","url":"https:\/\/francsmacons-troyes.fr\/index.php\/foire-aux-questions\/","name":"FAQ - Grand Orient de France \u00e0 Troyes","isPartOf":{"@id":"https:\/\/francsmacons-troyes.fr\/#website"},"datePublished":"2018-07-01T18:34:32+00:00","dateModified":"2023-01-23T18:33:56+00:00","breadcrumb":{"@id":"https:\/\/francsmacons-troyes.fr\/index.php\/foire-aux-questions\/#breadcrumb"},"inLanguage":"fr-FR","potentialAction":[{"@type":"ReadAction","target":["https:\/\/francsmacons-troyes.fr\/index.php\/foire-aux-questions\/"]}]},{"@type":"BreadcrumbList","@id":"https:\/\/francsmacons-troyes.fr\/index.php\/foire-aux-questions\/#breadcrumb","itemListElement":[{"@type":"ListItem","position":1,"name":"Accueil","item":"https:\/\/francsmacons-troyes.fr\/"},{"@type":"ListItem","position":2,"name":"FAQ"}]},{"@type":"WebSite","@id":"https:\/\/francsmacons-troyes.fr\/#website","url":"https:\/\/francsmacons-troyes.fr\/","name":"Grand Orient de France \u00e0 Troyes","description":"Les Loges Sine Cera, Imagine et l&#039;Aurore Sociale  vous accueillent","publisher":{"@id":"https:\/\/francsmacons-troyes.fr\/#organization"},"potentialAction":[{"@type":"SearchAction","target":{"@type":"EntryPoint","urlTemplate":"https:\/\/francsmacons-troyes.fr\/?s={search_term_string}"},"query-input":"required name=search_term_string"}],"inLanguage":"fr-FR"},{"@type":"Organization","@id":"https:\/\/francsmacons-troyes.fr\/#organization","name":"Francs Ma\u00e7on de Troyes","url":"https:\/\/francsmacons-troyes.fr\/","logo":{"@type":"ImageObject","inLanguage":"fr-FR","@id":"https:\/\/francsmacons-troyes.fr\/#\/schema\/logo\/image\/","url":"http:\/\/francsmacons-troyes.fr\/wp-content\/uploads\/2018\/07\/09-A-02.jpg","contentUrl":"http:\/\/francsmacons-troyes.fr\/wp-content\/uploads\/2018\/07\/09-A-02.jpg","width":980,"height":977,"caption":"Francs Ma\u00e7on de Troyes"},"image":{"@id":"https:\/\/francsmacons-troyes.fr\/#\/schema\/logo\/image\/"}}]}},"_links":{"self":[{"href":"https:\/\/francsmacons-troyes.fr\/index.php\/wp-json\/wp\/v2\/pages\/119"}],"collection":[{"href":"https:\/\/francsmacons-troyes.fr\/index.php\/wp-json\/wp\/v2\/pages"}],"about":[{"href":"https:\/\/francsmacons-troyes.fr\/index.php\/wp-json\/wp\/v2\/types\/page"}],"author":[{"embeddable":true,"href":"https:\/\/francsmacons-troyes.fr\/index.php\/wp-json\/wp\/v2\/users\/2"}],"replies":[{"embeddable":true,"href":"https:\/\/francsmacons-troyes.fr\/index.php\/wp-json\/wp\/v2\/comments?post=119"}],"version-history":[{"count":16,"href":"https:\/\/francsmacons-troyes.fr\/index.php\/wp-json\/wp\/v2\/pages\/119\/revisions"}],"predecessor-version":[{"id":262,"href":"https:\/\/francsmacons-troyes.fr\/index.php\/wp-json\/wp\/v2\/pages\/119\/revisions\/262"}],"wp:attachment":[{"href":"https:\/\/francsmacons-troyes.fr\/index.php\/wp-json\/wp\/v2\/media?parent=119"}],"curies":[{"name":"wp","href":"https:\/\/api.w.org\/{rel}","templated":true}]}}