{"id":246,"date":"2019-11-24T14:40:19","date_gmt":"2019-11-24T13:40:19","guid":{"rendered":"http:\/\/francsmacons-troyes.fr\/?page_id=246"},"modified":"2025-12-09T11:06:46","modified_gmt":"2025-12-09T10:06:46","slug":"loge-aurore-sociale","status":"publish","type":"page","link":"https:\/\/francsmacons-troyes.fr\/index.php\/loge-aurore-sociale\/","title":{"rendered":"Loge l&rsquo;Aurore Sociale"},"content":{"rendered":"\n<p>Le 21 mars 1751, la premi\u00e8re Loge troyenne recoit ses patentes et ouvre sous le titre de&nbsp;\u00ab<em>&nbsp;L\u2019Union de la F\u00e9licit\u00e9&nbsp;\u00bb. <\/em>Le 17 septembre 1773, elle s\u2019affilie au Grand Orient de France et prend le titre de \u00ab L&rsquo;Union de la Sinc\u00e9rit\u00e9&nbsp;\u00bb.<\/p>\n\n\n\n<p>Le 24 novembre 1850,&nbsp;la nouvelle Loge troyenne, \u00ab L\u2019Union Fraternelle&nbsp;\u00bb&nbsp;devient la suite de la lign\u00e9e, qui depuis 1751, assure la p\u00e9rennit\u00e9 de la Ma\u00e7onnerie dans l\u2019Aube. Cette Loge perdurera jusqu\u2019\u00e0 nos jours avec la Loge&nbsp;\u00ab L\u2019Aurore Sociale \u00bb.&nbsp;Dans les ann\u00e9es 1930, \u00ab&nbsp;L\u2019Aurore Sociale&nbsp;\u00bb regroupait de nombreuses personnalit\u00e9s&nbsp;tr\u00e8s engag\u00e9es dans la soci\u00e9t\u00e9 civile.<\/p>\n\n\n\n<p>La loge\u00a0l\u2019Aurore Sociale\u00a0est donc la loge\u00a0fondatrice\u00a0de la\u00a0Franc-ma\u00e7onnerie auboise. Elle est constitu\u00e9e d\u2019environ soixante membres. Elle initie sans distinction de sexe les femmes et les hommes. . Elle accueille les visites des Fr\u00e8res et des S\u0153urs du GODF ainsi que des autres membres des ob\u00e9diences connues.<\/p>\n\n\n\n<p>Dans la pure tradition de la&nbsp;ma\u00e7onnerie adogmatique et lib\u00e9rale, elle accueille tous les hommes sans distinction&nbsp;de profession, d&rsquo;\u00e2ge de positionnement politique ou spirituel. Seules&nbsp;les&nbsp;appartenances&nbsp;\u00e0 des mouvements&nbsp;d\u2019extr\u00eame droite ou \u00e0 des groupes racistes ou x\u00e9nophobes disqualifient&nbsp;le candidat.<\/p>\n\n\n\n<p>Les Fr\u00e8res de&nbsp;l\u2019Aurore Sociale&nbsp;se&nbsp;r\u00e9unissent deux fois par mois. Ils travaillent au&nbsp;Rite Fran\u00e7ais. Leurs travaux portent souvent sur des sujets de soci\u00e9t\u00e9 puisque l\u2019article premier de notre constitution nous engage \u00e0&nbsp;\u00ab&nbsp;am\u00e9liorer l\u2019Homme et la soci\u00e9t\u00e9&nbsp;\u00bb.<\/p>\n","protected":false},"excerpt":{"rendered":"<p>Le 21 mars 1751, la premi\u00e8re Loge troyenne recoit ses patentes et ouvre sous le titre de&nbsp;\u00ab&nbsp;L\u2019Union de la F\u00e9licit\u00e9&nbsp;\u00bb. Le 17 septembre 1773, elle s\u2019affilie au Grand Orient de France et prend le titre de \u00ab L&rsquo;Union de la Sinc\u00e9rit\u00e9&nbsp;\u00bb. Le 24 novembre 1850,&nbsp;la nouvelle Loge troyenne, \u00ab L\u2019Union Fraternelle&nbsp;\u00bb&nbsp;devient la suite de la &#8230; <a title=\"Loge l&rsquo;Aurore Sociale\" class=\"read-more\" href=\"https:\/\/francsmacons-troyes.fr\/index.php\/loge-aurore-sociale\/\" aria-label=\"En savoir plus sur Loge l&rsquo;Aurore Sociale\">Lire la suite<\/a><\/p>\n","protected":false},"author":2,"featured_media":0,"parent":0,"menu_order":0,"comment_status":"closed","ping_status":"closed","template":"","meta":[],"yoast_head":"<!-- This site is optimized with the Yoast SEO plugin v19.14 - https:\/\/yoast.com\/wordpress\/plugins\/seo\/ -->\n<title>Loge l&#039;Aurore Sociale - Grand Orient de France \u00e0 Troyes<\/title>\n<meta name=\"robots\" content=\"index, follow, max-snippet:-1, max-image-preview:large, max-video-preview:-1\" \/>\n<link rel=\"canonical\" href=\"https:\/\/francsmacons-troyes.fr\/index.php\/loge-aurore-sociale\/\" \/>\n<meta property=\"og:locale\" content=\"fr_FR\" \/>\n<meta property=\"og:type\" content=\"article\" \/>\n<meta property=\"og:title\" content=\"Loge l&#039;Aurore Sociale - Grand Orient de France \u00e0 Troyes\" \/>\n<meta property=\"og:description\" content=\"Le 21 mars 1751, la premi\u00e8re Loge troyenne recoit ses patentes et ouvre sous le titre de&nbsp;\u00ab&nbsp;L\u2019Union de la F\u00e9licit\u00e9&nbsp;\u00bb. Le 17 septembre 1773, elle s\u2019affilie au Grand Orient de France et prend le titre de \u00ab L&rsquo;Union de la Sinc\u00e9rit\u00e9&nbsp;\u00bb. Le 24 novembre 1850,&nbsp;la nouvelle Loge troyenne, \u00ab L\u2019Union Fraternelle&nbsp;\u00bb&nbsp;devient la suite de la ... Lire la suite\" \/>\n<meta property=\"og:url\" content=\"https:\/\/francsmacons-troyes.fr\/index.php\/loge-aurore-sociale\/\" \/>\n<meta property=\"og:site_name\" content=\"Grand Orient de France \u00e0 Troyes\" \/>\n<meta property=\"article:modified_time\" content=\"2025-12-09T10:06:46+00:00\" \/>\n<meta name=\"twitter:card\" content=\"summary_large_image\" \/>\n<meta name=\"twitter:label1\" content=\"Dur\u00e9e de lecture estim\u00e9e\" \/>\n\t<meta name=\"twitter:data1\" content=\"2 minutes\" \/>\n<script type=\"application\/ld+json\" class=\"yoast-schema-graph\">{\"@context\":\"https:\/\/schema.org\",\"@graph\":[{\"@type\":\"WebPage\",\"@id\":\"https:\/\/francsmacons-troyes.fr\/index.php\/loge-aurore-sociale\/\",\"url\":\"https:\/\/francsmacons-troyes.fr\/index.php\/loge-aurore-sociale\/\",\"name\":\"Loge l'Aurore Sociale - Grand Orient de France \u00e0 Troyes\",\"isPartOf\":{\"@id\":\"https:\/\/francsmacons-troyes.fr\/#website\"},\"datePublished\":\"2019-11-24T13:40:19+00:00\",\"dateModified\":\"2025-12-09T10:06:46+00:00\",\"breadcrumb\":{\"@id\":\"https:\/\/francsmacons-troyes.fr\/index.php\/loge-aurore-sociale\/#breadcrumb\"},\"inLanguage\":\"fr-FR\",\"potentialAction\":[{\"@type\":\"ReadAction\",\"target\":[\"https:\/\/francsmacons-troyes.fr\/index.php\/loge-aurore-sociale\/\"]}]},{\"@type\":\"BreadcrumbList\",\"@id\":\"https:\/\/francsmacons-troyes.fr\/index.php\/loge-aurore-sociale\/#breadcrumb\",\"itemListElement\":[{\"@type\":\"ListItem\",\"position\":1,\"name\":\"Accueil\",\"item\":\"https:\/\/francsmacons-troyes.fr\/\"},{\"@type\":\"ListItem\",\"position\":2,\"name\":\"Loge l&rsquo;Aurore Sociale\"}]},{\"@type\":\"WebSite\",\"@id\":\"https:\/\/francsmacons-troyes.fr\/#website\",\"url\":\"https:\/\/francsmacons-troyes.fr\/\",\"name\":\"Grand Orient de France \u00e0 Troyes\",\"description\":\"Les Loges Sine Cera, Imagine et l&#039;Aurore Sociale  vous accueillent\",\"publisher\":{\"@id\":\"https:\/\/francsmacons-troyes.fr\/#organization\"},\"potentialAction\":[{\"@type\":\"SearchAction\",\"target\":{\"@type\":\"EntryPoint\",\"urlTemplate\":\"https:\/\/francsmacons-troyes.fr\/?s={search_term_string}\"},\"query-input\":\"required name=search_term_string\"}],\"inLanguage\":\"fr-FR\"},{\"@type\":\"Organization\",\"@id\":\"https:\/\/francsmacons-troyes.fr\/#organization\",\"name\":\"Francs Ma\u00e7on de Troyes\",\"url\":\"https:\/\/francsmacons-troyes.fr\/\",\"logo\":{\"@type\":\"ImageObject\",\"inLanguage\":\"fr-FR\",\"@id\":\"https:\/\/francsmacons-troyes.fr\/#\/schema\/logo\/image\/\",\"url\":\"http:\/\/francsmacons-troyes.fr\/wp-content\/uploads\/2018\/07\/09-A-02.jpg\",\"contentUrl\":\"http:\/\/francsmacons-troyes.fr\/wp-content\/uploads\/2018\/07\/09-A-02.jpg\",\"width\":980,\"height\":977,\"caption\":\"Francs Ma\u00e7on de Troyes\"},\"image\":{\"@id\":\"https:\/\/francsmacons-troyes.fr\/#\/schema\/logo\/image\/\"}}]}<\/script>\n<!-- \/ Yoast SEO plugin. -->","yoast_head_json":{"title":"Loge l'Aurore Sociale - Grand Orient de France \u00e0 Troyes","robots":{"index":"index","follow":"follow","max-snippet":"max-snippet:-1","max-image-preview":"max-image-preview:large","max-video-preview":"max-video-preview:-1"},"canonical":"https:\/\/francsmacons-troyes.fr\/index.php\/loge-aurore-sociale\/","og_locale":"fr_FR","og_type":"article","og_title":"Loge l'Aurore Sociale - Grand Orient de France \u00e0 Troyes","og_description":"Le 21 mars 1751, la premi\u00e8re Loge troyenne recoit ses patentes et ouvre sous le titre de&nbsp;\u00ab&nbsp;L\u2019Union de la F\u00e9licit\u00e9&nbsp;\u00bb. Le 17 septembre 1773, elle s\u2019affilie au Grand Orient de France et prend le titre de \u00ab L&rsquo;Union de la Sinc\u00e9rit\u00e9&nbsp;\u00bb. Le 24 novembre 1850,&nbsp;la nouvelle Loge troyenne, \u00ab L\u2019Union Fraternelle&nbsp;\u00bb&nbsp;devient la suite de la ... Lire la suite","og_url":"https:\/\/francsmacons-troyes.fr\/index.php\/loge-aurore-sociale\/","og_site_name":"Grand Orient de France \u00e0 Troyes","article_modified_time":"2025-12-09T10:06:46+00:00","twitter_card":"summary_large_image","twitter_misc":{"Dur\u00e9e de lecture estim\u00e9e":"2 minutes"},"schema":{"@context":"https:\/\/schema.org","@graph":[{"@type":"WebPage","@id":"https:\/\/francsmacons-troyes.fr\/index.php\/loge-aurore-sociale\/","url":"https:\/\/francsmacons-troyes.fr\/index.php\/loge-aurore-sociale\/","name":"Loge l'Aurore Sociale - Grand Orient de France \u00e0 Troyes","isPartOf":{"@id":"https:\/\/francsmacons-troyes.fr\/#website"},"datePublished":"2019-11-24T13:40:19+00:00","dateModified":"2025-12-09T10:06:46+00:00","breadcrumb":{"@id":"https:\/\/francsmacons-troyes.fr\/index.php\/loge-aurore-sociale\/#breadcrumb"},"inLanguage":"fr-FR","potentialAction":[{"@type":"ReadAction","target":["https:\/\/francsmacons-troyes.fr\/index.php\/loge-aurore-sociale\/"]}]},{"@type":"BreadcrumbList","@id":"https:\/\/francsmacons-troyes.fr\/index.php\/loge-aurore-sociale\/#breadcrumb","itemListElement":[{"@type":"ListItem","position":1,"name":"Accueil","item":"https:\/\/francsmacons-troyes.fr\/"},{"@type":"ListItem","position":2,"name":"Loge l&rsquo;Aurore Sociale"}]},{"@type":"WebSite","@id":"https:\/\/francsmacons-troyes.fr\/#website","url":"https:\/\/francsmacons-troyes.fr\/","name":"Grand Orient de France \u00e0 Troyes","description":"Les Loges Sine Cera, Imagine et l&#039;Aurore Sociale  vous accueillent","publisher":{"@id":"https:\/\/francsmacons-troyes.fr\/#organization"},"potentialAction":[{"@type":"SearchAction","target":{"@type":"EntryPoint","urlTemplate":"https:\/\/francsmacons-troyes.fr\/?s={search_term_string}"},"query-input":"required name=search_term_string"}],"inLanguage":"fr-FR"},{"@type":"Organization","@id":"https:\/\/francsmacons-troyes.fr\/#organization","name":"Francs Ma\u00e7on de Troyes","url":"https:\/\/francsmacons-troyes.fr\/","logo":{"@type":"ImageObject","inLanguage":"fr-FR","@id":"https:\/\/francsmacons-troyes.fr\/#\/schema\/logo\/image\/","url":"http:\/\/francsmacons-troyes.fr\/wp-content\/uploads\/2018\/07\/09-A-02.jpg","contentUrl":"http:\/\/francsmacons-troyes.fr\/wp-content\/uploads\/2018\/07\/09-A-02.jpg","width":980,"height":977,"caption":"Francs Ma\u00e7on de Troyes"},"image":{"@id":"https:\/\/francsmacons-troyes.fr\/#\/schema\/logo\/image\/"}}]}},"_links":{"self":[{"href":"https:\/\/francsmacons-troyes.fr\/index.php\/wp-json\/wp\/v2\/pages\/246"}],"collection":[{"href":"https:\/\/francsmacons-troyes.fr\/index.php\/wp-json\/wp\/v2\/pages"}],"about":[{"href":"https:\/\/francsmacons-troyes.fr\/index.php\/wp-json\/wp\/v2\/types\/page"}],"author":[{"embeddable":true,"href":"https:\/\/francsmacons-troyes.fr\/index.php\/wp-json\/wp\/v2\/users\/2"}],"replies":[{"embeddable":true,"href":"https:\/\/francsmacons-troyes.fr\/index.php\/wp-json\/wp\/v2\/comments?post=246"}],"version-history":[{"count":7,"href":"https:\/\/francsmacons-troyes.fr\/index.php\/wp-json\/wp\/v2\/pages\/246\/revisions"}],"predecessor-version":[{"id":310,"href":"https:\/\/francsmacons-troyes.fr\/index.php\/wp-json\/wp\/v2\/pages\/246\/revisions\/310"}],"wp:attachment":[{"href":"https:\/\/francsmacons-troyes.fr\/index.php\/wp-json\/wp\/v2\/media?parent=246"}],"curies":[{"name":"wp","href":"https:\/\/api.w.org\/{rel}","templated":true}]}}

<p>Le 21 mars 1751, la première Loge troyenne recoit ses patentes et ouvre sous le titre de&nbsp;«<em>&nbsp;L’Union de la Félicité&nbsp;». </em>Le 17 septembre 1773, elle s’affilie au Grand Orient de France et prend le titre de « L&rsquo;Union de la Sincérité&nbsp;».</p>



<p>Le 24 novembre 1850,&nbsp;la nouvelle Loge troyenne, « L’Union Fraternelle&nbsp;»&nbsp;devient la suite de la lignée, qui depuis 1751, assure la pérennité de la Maçonnerie dans l’Aube. Cette Loge perdurera jusqu’à nos jours avec la Loge&nbsp;« L’Aurore Sociale ».&nbsp;Dans les années 1930, «&nbsp;L’Aurore Sociale&nbsp;» regroupait de nombreuses personnalités&nbsp;très engagées dans la société civile.</p>



<p>La loge l’Aurore Sociale est donc la loge fondatrice de la Franc-maçonnerie auboise. Elle est constituée d’environ soixante membres. Elle initie sans distinction de sexe les femmes et les hommes. . Elle accueille les visites des Frères et des Sœurs du GODF ainsi que des autres membres des obédiences connues.</p>



<p>Dans la pure tradition de la&nbsp;maçonnerie adogmatique et libérale, elle accueille tous les hommes sans distinction&nbsp;de profession, d&rsquo;âge de positionnement politique ou spirituel. Seules&nbsp;les&nbsp;appartenances&nbsp;à des mouvements&nbsp;d’extrême droite ou à des groupes racistes ou xénophobes disqualifient&nbsp;le candidat.</p>



<p>Les Frères de&nbsp;l’Aurore Sociale&nbsp;se&nbsp;réunissent deux fois par mois. Ils travaillent au&nbsp;Rite Français. Leurs travaux portent souvent sur des sujets de société puisque l’article premier de notre constitution nous engage à&nbsp;«&nbsp;améliorer l’Homme et la société&nbsp;».</p>

<p>Le 21 mars 1751, la première Loge troyenne recoit ses patentes et ouvre sous le titre de&nbsp;«&nbsp;L’Union de la Félicité&nbsp;». Le 17 septembre 1773, elle s’affilie au Grand Orient de France et prend le titre de « L&rsquo;Union de la Sincérité&nbsp;». Le 24 novembre 1850,&nbsp;la nouvelle Loge troyenne, « L’Union Fraternelle&nbsp;»&nbsp;devient la suite de la &#8230; <a title="Loge l&rsquo;Aurore Sociale" class="read-more" href="https://francsmacons-troyes.fr/index.php/loge-aurore-sociale/" aria-label="En savoir plus sur Loge l&rsquo;Aurore Sociale">Lire la suite</a></p>

<!-- This site is optimized with the Yoast SEO plugin v19.14 - https://yoast.com/wordpress/plugins/seo/ -->
<title>Loge l&#039;Aurore Sociale - Grand Orient de France à Troyes</title>
<meta name="robots" content="index, follow, max-snippet:-1, max-image-preview:large, max-video-preview:-1" />
<link rel="canonical" href="https://francsmacons-troyes.fr/index.php/loge-aurore-sociale/" />
<meta property="og:locale" content="fr_FR" />
<meta property="og:type" content="article" />
<meta property="og:title" content="Loge l&#039;Aurore Sociale - Grand Orient de France à Troyes" />
<meta property="og:description" content="Le 21 mars 1751, la première Loge troyenne recoit ses patentes et ouvre sous le titre de&nbsp;«&nbsp;L’Union de la Félicité&nbsp;». Le 17 septembre 1773, elle s’affilie au Grand Orient de France et prend le titre de « L&rsquo;Union de la Sincérité&nbsp;». Le 24 novembre 1850,&nbsp;la nouvelle Loge troyenne, « L’Union Fraternelle&nbsp;»&nbsp;devient la suite de la ... Lire la suite" />
<meta property="og:url" content="https://francsmacons-troyes.fr/index.php/loge-aurore-sociale/" />
<meta property="og:site_name" content="Grand Orient de France à Troyes" />
<meta property="article:modified_time" content="2025-12-09T10:06:46+00:00" />
<meta name="twitter:card" content="summary_large_image" />
<meta name="twitter:label1" content="Durée de lecture estimée" />
	<meta name="twitter:data1" content="2 minutes" />
<script type="application/ld+json" class="yoast-schema-graph">{"@context":"https://schema.org","@graph":[{"@type":"WebPage","@id":"https://francsmacons-troyes.fr/index.php/loge-aurore-sociale/","url":"https://francsmacons-troyes.fr/index.php/loge-aurore-sociale/","name":"Loge l'Aurore Sociale - Grand Orient de France à Troyes","isPartOf":{"@id":"https://francsmacons-troyes.fr/#website"},"datePublished":"2019-11-24T13:40:19+00:00","dateModified":"2025-12-09T10:06:46+00:00","breadcrumb":{"@id":"https://francsmacons-troyes.fr/index.php/loge-aurore-sociale/#breadcrumb"},"inLanguage":"fr-FR","potentialAction":[{"@type":"ReadAction","target":["https://francsmacons-troyes.fr/index.php/loge-aurore-sociale/"]}]},{"@type":"BreadcrumbList","@id":"https://francsmacons-troyes.fr/index.php/loge-aurore-sociale/#breadcrumb","itemListElement":[{"@type":"ListItem","position":1,"name":"Accueil","item":"https://francsmacons-troyes.fr/"},{"@type":"ListItem","position":2,"name":"Loge l&rsquo;Aurore Sociale"}]},{"@type":"WebSite","@id":"https://francsmacons-troyes.fr/#website","url":"https://francsmacons-troyes.fr/","name":"Grand Orient de France à Troyes","description":"Les Loges Sine Cera, Imagine et l&#039;Aurore Sociale  vous accueillent","publisher":{"@id":"https://francsmacons-troyes.fr/#organization"},"potentialAction":[{"@type":"SearchAction","target":{"@type":"EntryPoint","urlTemplate":"https://francsmacons-troyes.fr/?s={search_term_string}"},"query-input":"required name=search_term_string"}],"inLanguage":"fr-FR"},{"@type":"Organization","@id":"https://francsmacons-troyes.fr/#organization","name":"Francs Maçon de Troyes","url":"https://francsmacons-troyes.fr/","logo":{"@type":"ImageObject","inLanguage":"fr-FR","@id":"https://francsmacons-troyes.fr/#/schema/logo/image/","url":"http://francsmacons-troyes.fr/wp-content/uploads/2018/07/09-A-02.jpg","contentUrl":"http://francsmacons-troyes.fr/wp-content/uploads/2018/07/09-A-02.jpg","width":980,"height":977,"caption":"Francs Maçon de Troyes"},"image":{"@id":"https://francsmacons-troyes.fr/#/schema/logo/image/"}}]}</script>
<!-- / Yoast SEO plugin. -->

Loge l'Aurore Sociale - Grand Orient de France à Troyes

Le 21 mars 1751, la première Loge troyenne recoit ses patentes et ouvre sous le titre de&nbsp;«&nbsp;L’Union de la Félicité&nbsp;». Le 17 septembre 1773, elle s’affilie au Grand Orient de France et prend le titre de « L&rsquo;Union de la Sincérité&nbsp;». Le 24 novembre 1850,&nbsp;la nouvelle Loge troyenne, « L’Union Fraternelle&nbsp;»&nbsp;devient la suite de la ... Lire la suite

Grand Orient de France à Troyes

Francs Maçon de Troyes
