{"id":81,"date":"2018-06-26T11:11:40","date_gmt":"2018-06-26T09:11:40","guid":{"rendered":"http:\/\/orient-troyes.fr\/?page_id=81"},"modified":"2018-08-26T21:27:28","modified_gmt":"2018-08-26T19:27:28","slug":"a-propos-de","status":"publish","type":"page","link":"https:\/\/francsmacons-troyes.fr\/index.php\/a-propos-de\/","title":{"rendered":"Devenir Franc-Ma\u00e7on"},"content":{"rendered":"<p>Devenir Franc Ma\u00e7on? Vous ne seriez pas sur cette page si vous ne vous posiez pas la question. Elle est l\u00e9gitime et m\u00e9rite d\u2019y r\u00e9fl\u00e9chir.<\/p>\n<ul>\n<li><strong>Devenir Franc Ma\u00e7on<\/strong>, est une question charni\u00e8re car elle peut vous orienter vers des voies tr\u00e8s diff\u00e9rentes en fonction de la r\u00e9ponse que vous y apporterez. Mais ce n\u2019est pas le but de ce texte. En effet, vous pourrez \u00e9changer autour des raisons profondes qui vous font initier la d\u00e9marche avec la personne que vous rencontrerez par la suite.<\/li>\n<li><strong>Devenir Franc Ma\u00e7on<\/strong> c\u2019est s\u2019investir, afin de d\u00e9couvrir un monde diff\u00e9rent et une approche fraternelle de la vie. Et si vous \u00eates sur ce site, c\u2019est que vous envisagez de franchir le pas. Initier la d\u00e9marche n\u00e9cessitera de la patience et de la rigueur. En effet, cela ne se fera pas comme une simple formalit\u00e9. Il existe plusieurs \u00e9tapes et au final, l\u2019int\u00e9gration \u00e0 la Confr\u00e9rie pourra prendre plusieurs mois. Cela peut para\u00eetre long surtout dans le monde qui nous environne dans lequel il suffit de quelques clics pour int\u00e9grer une association ou un groupe. Chez nous, nous estimons que s\u2019engager c\u2019est le faire sur le long terme mais \u00e9galement apr\u00e8s une r\u00e9flexion suffisante pour pouvoir \u00eatre s\u00fbr de sa d\u00e9marche. La premi\u00e8re \u00e9tape d\u00e9pend de vous, de votre volont\u00e9 de nous rejoindre. Il vous suffit de prendre contact, gr\u00e2ce \u00e0 un mail et \u00e0 ce site avec l\u2019un des administrateurs du site. L&rsquo;un d&rsquo;entre vous contactera afin qu\u2019il puisse vous rencontrer. Au cours d\u2019un \u00e9change cordial, vous allez pouvoir discuter et v\u00e9rifier si la Franc Ma\u00e7onnerie est faite pour vous. Aussi, vous saurez si les raisons qui vous poussent \u00e0 venir parmi nous sont les bonnes. Cet entretien est fondamental car il n\u2019y a rien de pire que quelqu\u2019un qui fait fausse route ou qui se trompe dans sa d\u00e9marche.<\/li>\n<li><strong>Devenir Franc Ma\u00e7on<\/strong> c\u2019est rencontrer l\u2019autre. Une fois que vous aurez d\u00e9cid\u00e9 de poursuivre votre d\u00e9marche, alors vous rencontrerez trois autres fr\u00e8res ou s\u0153urs qui viendront s\u2019entretenir avec vous, afin d\u2019\u00e9changer sur vos croyances, vos principes, votre vie et votre philosophie. Le but de ces entretiens est d\u2019apprendre \u00e0 vous connaitre, l\u00e0 aussi pour \u00e9valuer s\u2019il est pertinent que vous deveniez un Fr\u00e8re ou une S\u0153ur.<\/li>\n<li><strong>Devenir Franc Ma\u00e7on<\/strong> c\u2019est se rencontrer soi-m\u00eame. Une fois que vous aurez franchi cette \u00e9tape, vous serez recontact\u00e9 afin que vous puissiez venir nous rencontrer. L\u00e0, vous pourrez \u00e9changer avec l\u2019ensemble d\u2019entre nous afin que nous puissions vous aider dans votre r\u00e9flexion en vous sondant. Bien entendu, vous pourrez stopper la proc\u00e9dure \u00e0 n&rsquo;importe quel moment sur simple demande.<\/li>\n<li><strong>Devenir Franc Ma\u00e7on<\/strong> c\u2019est le d\u00e9but de votre chemin initiatique. Enfin, si cet \u00e9change se passe bien, alors vous serez contact\u00e9 pour pouvoir \u00eatre initi\u00e9. Et alors vous serez devenu un Franc Ma\u00e7on.<\/li>\n<\/ul>\n","protected":false},"excerpt":{"rendered":"<p>Devenir Franc Ma\u00e7on? Vous ne seriez pas sur cette page si vous ne vous posiez pas la question. Elle est l\u00e9gitime et m\u00e9rite d\u2019y r\u00e9fl\u00e9chir. Devenir Franc Ma\u00e7on, est une question charni\u00e8re car elle peut vous orienter vers des voies tr\u00e8s diff\u00e9rentes en fonction de la r\u00e9ponse que vous y apporterez. Mais ce n\u2019est pas &#8230; <a title=\"Devenir Franc-Ma\u00e7on\" class=\"read-more\" href=\"https:\/\/francsmacons-troyes.fr\/index.php\/a-propos-de\/\" aria-label=\"En savoir plus sur Devenir Franc-Ma\u00e7on\">Lire la suite<\/a><\/p>\n","protected":false},"author":2,"featured_media":0,"parent":0,"menu_order":0,"comment_status":"closed","ping_status":"closed","template":"","meta":[],"yoast_head":"<!-- This site is optimized with the Yoast SEO plugin v19.14 - https:\/\/yoast.com\/wordpress\/plugins\/seo\/ -->\n<title>Devenir Franc-Ma\u00e7on - Grand Orient de France \u00e0 Troyes<\/title>\n<meta name=\"description\" content=\"ce texte permet d&#039;expliquer le parcours \u00e0 faire si on veut devenir Franc ma\u00e7on et comment faire les d\u00e9marches pour atteindre ce but\" \/>\n<meta name=\"robots\" content=\"index, follow, max-snippet:-1, max-image-preview:large, max-video-preview:-1\" \/>\n<link rel=\"canonical\" href=\"https:\/\/francsmacons-troyes.fr\/index.php\/a-propos-de\/\" \/>\n<meta property=\"og:locale\" content=\"fr_FR\" \/>\n<meta property=\"og:type\" content=\"article\" \/>\n<meta property=\"og:title\" content=\"Devenir Franc-Ma\u00e7on - Grand Orient de France \u00e0 Troyes\" \/>\n<meta property=\"og:description\" content=\"ce texte permet d&#039;expliquer le parcours \u00e0 faire si on veut devenir Franc ma\u00e7on et comment faire les d\u00e9marches pour atteindre ce but\" \/>\n<meta property=\"og:url\" content=\"https:\/\/francsmacons-troyes.fr\/index.php\/a-propos-de\/\" \/>\n<meta property=\"og:site_name\" content=\"Grand Orient de France \u00e0 Troyes\" \/>\n<meta property=\"article:modified_time\" content=\"2018-08-26T19:27:28+00:00\" \/>\n<meta name=\"twitter:card\" content=\"summary_large_image\" \/>\n<meta name=\"twitter:label1\" content=\"Dur\u00e9e de lecture estim\u00e9e\" \/>\n\t<meta name=\"twitter:data1\" content=\"3 minutes\" \/>\n<script type=\"application\/ld+json\" class=\"yoast-schema-graph\">{\"@context\":\"https:\/\/schema.org\",\"@graph\":[{\"@type\":\"WebPage\",\"@id\":\"https:\/\/francsmacons-troyes.fr\/index.php\/a-propos-de\/\",\"url\":\"https:\/\/francsmacons-troyes.fr\/index.php\/a-propos-de\/\",\"name\":\"Devenir Franc-Ma\u00e7on - Grand Orient de France \u00e0 Troyes\",\"isPartOf\":{\"@id\":\"https:\/\/francsmacons-troyes.fr\/#website\"},\"datePublished\":\"2018-06-26T09:11:40+00:00\",\"dateModified\":\"2018-08-26T19:27:28+00:00\",\"description\":\"ce texte permet d'expliquer le parcours \u00e0 faire si on veut devenir Franc ma\u00e7on et comment faire les d\u00e9marches pour atteindre ce but\",\"breadcrumb\":{\"@id\":\"https:\/\/francsmacons-troyes.fr\/index.php\/a-propos-de\/#breadcrumb\"},\"inLanguage\":\"fr-FR\",\"potentialAction\":[{\"@type\":\"ReadAction\",\"target\":[\"https:\/\/francsmacons-troyes.fr\/index.php\/a-propos-de\/\"]}]},{\"@type\":\"BreadcrumbList\",\"@id\":\"https:\/\/francsmacons-troyes.fr\/index.php\/a-propos-de\/#breadcrumb\",\"itemListElement\":[{\"@type\":\"ListItem\",\"position\":1,\"name\":\"Accueil\",\"item\":\"https:\/\/francsmacons-troyes.fr\/\"},{\"@type\":\"ListItem\",\"position\":2,\"name\":\"Devenir Franc-Ma\u00e7on\"}]},{\"@type\":\"WebSite\",\"@id\":\"https:\/\/francsmacons-troyes.fr\/#website\",\"url\":\"https:\/\/francsmacons-troyes.fr\/\",\"name\":\"Grand Orient de France \u00e0 Troyes\",\"description\":\"Les Loges Sine Cera, Imagine et l&#039;Aurore Sociale  vous accueillent\",\"publisher\":{\"@id\":\"https:\/\/francsmacons-troyes.fr\/#organization\"},\"potentialAction\":[{\"@type\":\"SearchAction\",\"target\":{\"@type\":\"EntryPoint\",\"urlTemplate\":\"https:\/\/francsmacons-troyes.fr\/?s={search_term_string}\"},\"query-input\":\"required name=search_term_string\"}],\"inLanguage\":\"fr-FR\"},{\"@type\":\"Organization\",\"@id\":\"https:\/\/francsmacons-troyes.fr\/#organization\",\"name\":\"Francs Ma\u00e7on de Troyes\",\"url\":\"https:\/\/francsmacons-troyes.fr\/\",\"logo\":{\"@type\":\"ImageObject\",\"inLanguage\":\"fr-FR\",\"@id\":\"https:\/\/francsmacons-troyes.fr\/#\/schema\/logo\/image\/\",\"url\":\"http:\/\/francsmacons-troyes.fr\/wp-content\/uploads\/2018\/07\/09-A-02.jpg\",\"contentUrl\":\"http:\/\/francsmacons-troyes.fr\/wp-content\/uploads\/2018\/07\/09-A-02.jpg\",\"width\":980,\"height\":977,\"caption\":\"Francs Ma\u00e7on de Troyes\"},\"image\":{\"@id\":\"https:\/\/francsmacons-troyes.fr\/#\/schema\/logo\/image\/\"}}]}<\/script>\n<!-- \/ Yoast SEO plugin. -->","yoast_head_json":{"title":"Devenir Franc-Ma\u00e7on - Grand Orient de France \u00e0 Troyes","description":"ce texte permet d'expliquer le parcours \u00e0 faire si on veut devenir Franc ma\u00e7on et comment faire les d\u00e9marches pour atteindre ce but","robots":{"index":"index","follow":"follow","max-snippet":"max-snippet:-1","max-image-preview":"max-image-preview:large","max-video-preview":"max-video-preview:-1"},"canonical":"https:\/\/francsmacons-troyes.fr\/index.php\/a-propos-de\/","og_locale":"fr_FR","og_type":"article","og_title":"Devenir Franc-Ma\u00e7on - Grand Orient de France \u00e0 Troyes","og_description":"ce texte permet d'expliquer le parcours \u00e0 faire si on veut devenir Franc ma\u00e7on et comment faire les d\u00e9marches pour atteindre ce but","og_url":"https:\/\/francsmacons-troyes.fr\/index.php\/a-propos-de\/","og_site_name":"Grand Orient de France \u00e0 Troyes","article_modified_time":"2018-08-26T19:27:28+00:00","twitter_card":"summary_large_image","twitter_misc":{"Dur\u00e9e de lecture estim\u00e9e":"3 minutes"},"schema":{"@context":"https:\/\/schema.org","@graph":[{"@type":"WebPage","@id":"https:\/\/francsmacons-troyes.fr\/index.php\/a-propos-de\/","url":"https:\/\/francsmacons-troyes.fr\/index.php\/a-propos-de\/","name":"Devenir Franc-Ma\u00e7on - Grand Orient de France \u00e0 Troyes","isPartOf":{"@id":"https:\/\/francsmacons-troyes.fr\/#website"},"datePublished":"2018-06-26T09:11:40+00:00","dateModified":"2018-08-26T19:27:28+00:00","description":"ce texte permet d'expliquer le parcours \u00e0 faire si on veut devenir Franc ma\u00e7on et comment faire les d\u00e9marches pour atteindre ce but","breadcrumb":{"@id":"https:\/\/francsmacons-troyes.fr\/index.php\/a-propos-de\/#breadcrumb"},"inLanguage":"fr-FR","potentialAction":[{"@type":"ReadAction","target":["https:\/\/francsmacons-troyes.fr\/index.php\/a-propos-de\/"]}]},{"@type":"BreadcrumbList","@id":"https:\/\/francsmacons-troyes.fr\/index.php\/a-propos-de\/#breadcrumb","itemListElement":[{"@type":"ListItem","position":1,"name":"Accueil","item":"https:\/\/francsmacons-troyes.fr\/"},{"@type":"ListItem","position":2,"name":"Devenir Franc-Ma\u00e7on"}]},{"@type":"WebSite","@id":"https:\/\/francsmacons-troyes.fr\/#website","url":"https:\/\/francsmacons-troyes.fr\/","name":"Grand Orient de France \u00e0 Troyes","description":"Les Loges Sine Cera, Imagine et l&#039;Aurore Sociale  vous accueillent","publisher":{"@id":"https:\/\/francsmacons-troyes.fr\/#organization"},"potentialAction":[{"@type":"SearchAction","target":{"@type":"EntryPoint","urlTemplate":"https:\/\/francsmacons-troyes.fr\/?s={search_term_string}"},"query-input":"required name=search_term_string"}],"inLanguage":"fr-FR"},{"@type":"Organization","@id":"https:\/\/francsmacons-troyes.fr\/#organization","name":"Francs Ma\u00e7on de Troyes","url":"https:\/\/francsmacons-troyes.fr\/","logo":{"@type":"ImageObject","inLanguage":"fr-FR","@id":"https:\/\/francsmacons-troyes.fr\/#\/schema\/logo\/image\/","url":"http:\/\/francsmacons-troyes.fr\/wp-content\/uploads\/2018\/07\/09-A-02.jpg","contentUrl":"http:\/\/francsmacons-troyes.fr\/wp-content\/uploads\/2018\/07\/09-A-02.jpg","width":980,"height":977,"caption":"Francs Ma\u00e7on de Troyes"},"image":{"@id":"https:\/\/francsmacons-troyes.fr\/#\/schema\/logo\/image\/"}}]}},"_links":{"self":[{"href":"https:\/\/francsmacons-troyes.fr\/index.php\/wp-json\/wp\/v2\/pages\/81"}],"collection":[{"href":"https:\/\/francsmacons-troyes.fr\/index.php\/wp-json\/wp\/v2\/pages"}],"about":[{"href":"https:\/\/francsmacons-troyes.fr\/index.php\/wp-json\/wp\/v2\/types\/page"}],"author":[{"embeddable":true,"href":"https:\/\/francsmacons-troyes.fr\/index.php\/wp-json\/wp\/v2\/users\/2"}],"replies":[{"embeddable":true,"href":"https:\/\/francsmacons-troyes.fr\/index.php\/wp-json\/wp\/v2\/comments?post=81"}],"version-history":[{"count":10,"href":"https:\/\/francsmacons-troyes.fr\/index.php\/wp-json\/wp\/v2\/pages\/81\/revisions"}],"predecessor-version":[{"id":207,"href":"https:\/\/francsmacons-troyes.fr\/index.php\/wp-json\/wp\/v2\/pages\/81\/revisions\/207"}],"wp:attachment":[{"href":"https:\/\/francsmacons-troyes.fr\/index.php\/wp-json\/wp\/v2\/media?parent=81"}],"curies":[{"name":"wp","href":"https:\/\/api.w.org\/{rel}","templated":true}]}}