{"id":82,"date":"2018-06-26T11:11:40","date_gmt":"2018-06-26T09:11:40","guid":{"rendered":"http:\/\/orient-troyes.fr\/?page_id=82"},"modified":"2023-01-10T10:19:31","modified_gmt":"2023-01-10T09:19:31","slug":"contact","status":"publish","type":"page","link":"https:\/\/francsmacons-troyes.fr\/index.php\/contact\/","title":{"rendered":"Contact"},"content":{"rendered":"<p><img decoding=\"async\" loading=\"lazy\" class=\"size-full wp-image-181 aligncenter\" src=\"http:\/\/francmacons-troyes.fr\/wp-content\/uploads\/2018\/07\/index.jpg\" alt=\"\" width=\"225\" height=\"225\" srcset=\"https:\/\/francsmacons-troyes.fr\/wp-content\/uploads\/2018\/07\/index.jpg 225w, https:\/\/francsmacons-troyes.fr\/wp-content\/uploads\/2018\/07\/index-150x150.jpg 150w\" sizes=\"(max-width: 225px) 100vw, 225px\" \/><\/p>\n<p>Vous \u00eates int\u00e9ress\u00e9(e) ? A moins que vous n&rsquo;ayez des questions sur la Franc ma\u00e7onnerie ? Voulez vous de plus amples renseignements? Est-ce qu&rsquo;une demande d&rsquo;int\u00e9gration vous tenterait? Alors merci de nous \u00e9crire par mail \u00e0 : francsmacons.troyes@gmail.com<\/p>\n","protected":false},"excerpt":{"rendered":"<p>Vous \u00eates int\u00e9ress\u00e9(e) ? A moins que vous n&rsquo;ayez des questions sur la Franc ma\u00e7onnerie ? Voulez vous de plus amples renseignements? Est-ce qu&rsquo;une demande d&rsquo;int\u00e9gration vous tenterait? Alors merci de nous \u00e9crire par mail \u00e0 : francsmacons.troyes@gmail.com<\/p>\n","protected":false},"author":2,"featured_media":0,"parent":0,"menu_order":0,"comment_status":"closed","ping_status":"closed","template":"","meta":[],"yoast_head":"<!-- This site is optimized with the Yoast SEO plugin v19.14 - https:\/\/yoast.com\/wordpress\/plugins\/seo\/ -->\n<title>Page pour avoir une adresse mail de contact en vue d&#039;\u00e9changes<\/title>\n<meta name=\"description\" content=\"Contact afin de pouvoir \u00e9changer et essayer d&#039;en savoir plus sur la Franc Maconnerie Troyenne voire pour int\u00e9grer la Franc Maconnerie.\" \/>\n<meta name=\"robots\" content=\"index, follow, max-snippet:-1, max-image-preview:large, max-video-preview:-1\" \/>\n<link rel=\"canonical\" href=\"https:\/\/francsmacons-troyes.fr\/index.php\/contact\/\" \/>\n<meta property=\"og:locale\" content=\"fr_FR\" \/>\n<meta property=\"og:type\" content=\"article\" \/>\n<meta property=\"og:title\" content=\"Page pour avoir une adresse mail de contact en vue d&#039;\u00e9changes\" \/>\n<meta property=\"og:description\" content=\"Contact afin de pouvoir \u00e9changer et essayer d&#039;en savoir plus sur la Franc Maconnerie Troyenne voire pour int\u00e9grer la Franc Maconnerie.\" \/>\n<meta property=\"og:url\" content=\"https:\/\/francsmacons-troyes.fr\/index.php\/contact\/\" \/>\n<meta property=\"og:site_name\" content=\"Grand Orient de France \u00e0 Troyes\" \/>\n<meta property=\"article:modified_time\" content=\"2023-01-10T09:19:31+00:00\" \/>\n<meta property=\"og:image\" content=\"http:\/\/francmacons-troyes.fr\/wp-content\/uploads\/2018\/07\/index.jpg\" \/>\n<meta name=\"twitter:card\" content=\"summary_large_image\" \/>\n<script type=\"application\/ld+json\" class=\"yoast-schema-graph\">{\"@context\":\"https:\/\/schema.org\",\"@graph\":[{\"@type\":\"WebPage\",\"@id\":\"https:\/\/francsmacons-troyes.fr\/index.php\/contact\/\",\"url\":\"https:\/\/francsmacons-troyes.fr\/index.php\/contact\/\",\"name\":\"Page pour avoir une adresse mail de contact en vue d'\u00e9changes\",\"isPartOf\":{\"@id\":\"https:\/\/francsmacons-troyes.fr\/#website\"},\"datePublished\":\"2018-06-26T09:11:40+00:00\",\"dateModified\":\"2023-01-10T09:19:31+00:00\",\"description\":\"Contact afin de pouvoir \u00e9changer et essayer d'en savoir plus sur la Franc Maconnerie Troyenne voire pour int\u00e9grer la Franc Maconnerie.\",\"breadcrumb\":{\"@id\":\"https:\/\/francsmacons-troyes.fr\/index.php\/contact\/#breadcrumb\"},\"inLanguage\":\"fr-FR\",\"potentialAction\":[{\"@type\":\"ReadAction\",\"target\":[\"https:\/\/francsmacons-troyes.fr\/index.php\/contact\/\"]}]},{\"@type\":\"BreadcrumbList\",\"@id\":\"https:\/\/francsmacons-troyes.fr\/index.php\/contact\/#breadcrumb\",\"itemListElement\":[{\"@type\":\"ListItem\",\"position\":1,\"name\":\"Accueil\",\"item\":\"https:\/\/francsmacons-troyes.fr\/\"},{\"@type\":\"ListItem\",\"position\":2,\"name\":\"Contact\"}]},{\"@type\":\"WebSite\",\"@id\":\"https:\/\/francsmacons-troyes.fr\/#website\",\"url\":\"https:\/\/francsmacons-troyes.fr\/\",\"name\":\"Grand Orient de France \u00e0 Troyes\",\"description\":\"Les Loges Sine Cera, Imagine et l&#039;Aurore Sociale  vous accueillent\",\"publisher\":{\"@id\":\"https:\/\/francsmacons-troyes.fr\/#organization\"},\"potentialAction\":[{\"@type\":\"SearchAction\",\"target\":{\"@type\":\"EntryPoint\",\"urlTemplate\":\"https:\/\/francsmacons-troyes.fr\/?s={search_term_string}\"},\"query-input\":\"required name=search_term_string\"}],\"inLanguage\":\"fr-FR\"},{\"@type\":\"Organization\",\"@id\":\"https:\/\/francsmacons-troyes.fr\/#organization\",\"name\":\"Francs Ma\u00e7on de Troyes\",\"url\":\"https:\/\/francsmacons-troyes.fr\/\",\"logo\":{\"@type\":\"ImageObject\",\"inLanguage\":\"fr-FR\",\"@id\":\"https:\/\/francsmacons-troyes.fr\/#\/schema\/logo\/image\/\",\"url\":\"http:\/\/francsmacons-troyes.fr\/wp-content\/uploads\/2018\/07\/09-A-02.jpg\",\"contentUrl\":\"http:\/\/francsmacons-troyes.fr\/wp-content\/uploads\/2018\/07\/09-A-02.jpg\",\"width\":980,\"height\":977,\"caption\":\"Francs Ma\u00e7on de Troyes\"},\"image\":{\"@id\":\"https:\/\/francsmacons-troyes.fr\/#\/schema\/logo\/image\/\"}}]}<\/script>\n<!-- \/ Yoast SEO plugin. -->","yoast_head_json":{"title":"Page pour avoir une adresse mail de contact en vue d'\u00e9changes","description":"Contact afin de pouvoir \u00e9changer et essayer d'en savoir plus sur la Franc Maconnerie Troyenne voire pour int\u00e9grer la Franc Maconnerie.","robots":{"index":"index","follow":"follow","max-snippet":"max-snippet:-1","max-image-preview":"max-image-preview:large","max-video-preview":"max-video-preview:-1"},"canonical":"https:\/\/francsmacons-troyes.fr\/index.php\/contact\/","og_locale":"fr_FR","og_type":"article","og_title":"Page pour avoir une adresse mail de contact en vue d'\u00e9changes","og_description":"Contact afin de pouvoir \u00e9changer et essayer d'en savoir plus sur la Franc Maconnerie Troyenne voire pour int\u00e9grer la Franc Maconnerie.","og_url":"https:\/\/francsmacons-troyes.fr\/index.php\/contact\/","og_site_name":"Grand Orient de France \u00e0 Troyes","article_modified_time":"2023-01-10T09:19:31+00:00","og_image":[{"url":"http:\/\/francmacons-troyes.fr\/wp-content\/uploads\/2018\/07\/index.jpg"}],"twitter_card":"summary_large_image","schema":{"@context":"https:\/\/schema.org","@graph":[{"@type":"WebPage","@id":"https:\/\/francsmacons-troyes.fr\/index.php\/contact\/","url":"https:\/\/francsmacons-troyes.fr\/index.php\/contact\/","name":"Page pour avoir une adresse mail de contact en vue d'\u00e9changes","isPartOf":{"@id":"https:\/\/francsmacons-troyes.fr\/#website"},"datePublished":"2018-06-26T09:11:40+00:00","dateModified":"2023-01-10T09:19:31+00:00","description":"Contact afin de pouvoir \u00e9changer et essayer d'en savoir plus sur la Franc Maconnerie Troyenne voire pour int\u00e9grer la Franc Maconnerie.","breadcrumb":{"@id":"https:\/\/francsmacons-troyes.fr\/index.php\/contact\/#breadcrumb"},"inLanguage":"fr-FR","potentialAction":[{"@type":"ReadAction","target":["https:\/\/francsmacons-troyes.fr\/index.php\/contact\/"]}]},{"@type":"BreadcrumbList","@id":"https:\/\/francsmacons-troyes.fr\/index.php\/contact\/#breadcrumb","itemListElement":[{"@type":"ListItem","position":1,"name":"Accueil","item":"https:\/\/francsmacons-troyes.fr\/"},{"@type":"ListItem","position":2,"name":"Contact"}]},{"@type":"WebSite","@id":"https:\/\/francsmacons-troyes.fr\/#website","url":"https:\/\/francsmacons-troyes.fr\/","name":"Grand Orient de France \u00e0 Troyes","description":"Les Loges Sine Cera, Imagine et l&#039;Aurore Sociale  vous accueillent","publisher":{"@id":"https:\/\/francsmacons-troyes.fr\/#organization"},"potentialAction":[{"@type":"SearchAction","target":{"@type":"EntryPoint","urlTemplate":"https:\/\/francsmacons-troyes.fr\/?s={search_term_string}"},"query-input":"required name=search_term_string"}],"inLanguage":"fr-FR"},{"@type":"Organization","@id":"https:\/\/francsmacons-troyes.fr\/#organization","name":"Francs Ma\u00e7on de Troyes","url":"https:\/\/francsmacons-troyes.fr\/","logo":{"@type":"ImageObject","inLanguage":"fr-FR","@id":"https:\/\/francsmacons-troyes.fr\/#\/schema\/logo\/image\/","url":"http:\/\/francsmacons-troyes.fr\/wp-content\/uploads\/2018\/07\/09-A-02.jpg","contentUrl":"http:\/\/francsmacons-troyes.fr\/wp-content\/uploads\/2018\/07\/09-A-02.jpg","width":980,"height":977,"caption":"Francs Ma\u00e7on de Troyes"},"image":{"@id":"https:\/\/francsmacons-troyes.fr\/#\/schema\/logo\/image\/"}}]}},"_links":{"self":[{"href":"https:\/\/francsmacons-troyes.fr\/index.php\/wp-json\/wp\/v2\/pages\/82"}],"collection":[{"href":"https:\/\/francsmacons-troyes.fr\/index.php\/wp-json\/wp\/v2\/pages"}],"about":[{"href":"https:\/\/francsmacons-troyes.fr\/index.php\/wp-json\/wp\/v2\/types\/page"}],"author":[{"embeddable":true,"href":"https:\/\/francsmacons-troyes.fr\/index.php\/wp-json\/wp\/v2\/users\/2"}],"replies":[{"embeddable":true,"href":"https:\/\/francsmacons-troyes.fr\/index.php\/wp-json\/wp\/v2\/comments?post=82"}],"version-history":[{"count":12,"href":"https:\/\/francsmacons-troyes.fr\/index.php\/wp-json\/wp\/v2\/pages\/82\/revisions"}],"predecessor-version":[{"id":258,"href":"https:\/\/francsmacons-troyes.fr\/index.php\/wp-json\/wp\/v2\/pages\/82\/revisions\/258"}],"wp:attachment":[{"href":"https:\/\/francsmacons-troyes.fr\/index.php\/wp-json\/wp\/v2\/media?parent=82"}],"curies":[{"name":"wp","href":"https:\/\/api.w.org\/{rel}","templated":true}]}}